2) to base 10
2537963
What is -9903 (base 11) in base 12?
-7693
-222110102100 (base 3) to base 4
-1333021230
Convert -7c7483 (base 13) to base 7.
-34066514
1311342332 (base 6) to base 16
ec1650
Convert 12120020100 (base 3) to base 7.
634206
Convert 1421576 (base 8) to base 3.
202102212002
130124210 (base 5) to base 12
264662
Convert -22001212100 (base 3) to base 5.
-20040243
What is -191165 (base 11) in base 5?
-33404333
What is 35221344 (base 6) in base 7?
12164314
What is -61160140 (base 7) in base 13?
-1092b68
What is 2014452 (base 6) in base 14?
26c00
Convert 2400077 (base 10) to base 13.
660584
Convert 241040110 (base 5) to base 3.
2002111020200
Convert 110213121121 (base 4) to base 12.
1987561
Convert -85b78 (base 13) to base 15.
-4b806
-31007 (base 10) to base 6
-355315
Convert 1020221211 (base 4) to base 14.
7a633
Convert 19917 (base 10) to base 14.
7389
Convert -105412 (base 11) to base 9.
-275652
Convert 20203210 (base 4) to base 16.
88e4
103030233203 (base 4) to base 13
1072a87
-8467519 (base 10) to base 15
-b23d64
Convert 41062604 (base 7) to base 3.
20110010020202
What is 16998539 (base 10) in base 6?
1404200535
What is 213104 (base 5) in base 15?
2254
What is -101230423 (base 5) in base 11?
-263458
What is -1517064 (base 8) in base 13?
-12254a
What is -724170 (base 9) in base 16?
-68dd5
What is 143592 (base 10) in base 11?
98979
What is 181465 (base 14) in base 12?
34b229
What is 23666666 (base 7) in base 6?
113220025
-1351231 (base 10) to base 12
-551b67
What is -1709720 (base 14) in base 7?
-165136040
-534066 (base 8) to base 12
-87186
Convert -4935118 (base 11) to base 8.
-40602265
Convert -98d6b5 (base 15) to base 2.
-11011110010100000100010
What is -14a2014 (base 13) in base 15?
-8a6237
-766679 (base 10) to base 4
-2323023113
What is 771a1 (base 14) in base 15?
5a707
What is 141731 (base 9) in base 16?
15259
-32224 (base 6) to base 8
-10470
Convert 6308470 (base 9) to base 10.
3372012
What is 705673 (base 9) in base 14?
ac244
What is 145d (base 15) in base 16?
110b
What is -124231 (base 5) in base 14?
-1b2d
Convert -39693 (base 13) to base 8.
-320136
-1103212022 (base 4) to base 10
-342410
Convert 1161012 (base 11) to base 9.
3721346
Convert 40277600 (base 8) to base 11.
4877279
What is -10110032002 (base 4) in base 13?
-307c84
What is -23405663 (base 8) in base 10?
-5114803
Convert 10020100001 (base 4) to base 2.
100001000010000000001
What is -3335414 (base 6) in base 12?
-8156a
-10c8d (base 16) to base 6
-1250141
Convert 12002100002212 (base 3) to base 8.
12237551
-1850de (base 16) to base 3
-2222221221222
36020424 (base 8) to base 4
132002010110
Convert 12312213 (base 5) to base 8.
351603
Convert -21226252 (base 8) to base 12.
-162760a
225542420 (base 6) to base 4
100000222230
Convert 8130996 (base 11) to base 6.
1232103504
Convert 132253 (base 10) to base 14.
362a9
11101200012211 (base 3) to base 6
122022121
What is 3455246 (base 8) in base 7?
10665411
3256752 (base 8) to base 2
11010101110111101010
Convert 22120120102 (base 3) to base 8.
511557
Convert -258e18 (base 15) to base 11.
-10209a6
Convert -1541078 (base 13) to base 8.
-31740706
What is 40034340 (base 5) in base 7?
2451165
21200121102 (base 3) to base 8
447462
Convert -ac499e (base 16) to base 3.
-210020122101121
What is 2347aa (base 14) in base 8?
4456302
What is 672597 (base 12) in base 14?
30a7ab
Convert -4043324244 (base 5) to base 9.
-16352054
Convert 50554015 (base 8) to base 2.
101000101101100000001101
Convert -1d41b (base 14) to base 5.
-4344042
What is -135f7 (base 16) in base 8?
-232767
What is -1332124134 (base 5) in base 13?
-91b6c9
-37b13a (base 14) to base 13
-51c859
Convert -23037 (base 11) to base 8.
-101043
What is 728880 (base 12) in base 10?
1798368
Convert 31c367 (base 13) to base 15.
18174b
-15100455 (base 6) to base 7
-4300310
Convert 2021102121002 (base 3) to base 11.
756477
What is 461366 (base 9) in base 14?
72b2a
Convert -342735 (base 8) to base 5.
-12204224
2765042 (base 9) to base 7
15625241
Convert 4677b9 (base 12) to base 16.
1149bd
-2444340 (base 6) to base 12
-636b0
Convert -1010111110101001110111 (base 2) to base 8.
-12765167
-88630 (base 9) to base 14
-17625
What is -63795 (base 10) in base 8?
-174463
What is -6806c (base 15) in base 16?
-50c64
Convert -1121100212 (base 5) to base 4.
-21212330113
What is -1b887 (base 15) in base 9?
-146011
What is 200044215 (base 6) in base 8?
14654763
28573 (base 14) to base 2
11000011000011001
What is 12411313 (base 5) in base 6?
2344032
11110010001010001000 (base 2) to base 8
3621210
Convert -3123200000 (base 5) to base 15.
-878d50
Convert -11001354 (base 6) to base 14.
-87218
Convert -100000101101000100111000 (base 2) to base 11.
-4926225
What is -566950 (base 10) in base 6?
-20052434
What is -221002131 (base 6) in base 7?
-45466255
Convert 120331130020 (base 4) to base 7.
106421062
Convert 230404411 (base 5) to base 8.
3731173
What is 346010 (base 8) in base 11?
80532
What is -2960020 (base 10) in base 15?
-3d709a
-1327a (base 14) to base 5
-3002043
4dc226 (base 14) to base 9
5040746
What is -16b762 (base 15) in base 12?
-451825
Convert -1021021101122 (base 3) to base 8.
-2445464
What is 24431626 (base 8) in base 11?
304a4a7
66565111 (base 7) to base 15
787dca
362b9aa (base 12) to base 14
15792dc
Convert -502412 (base 11) to base 12.
-32b9ba
Convert -206301514 (base 7) to base 9.
-25105834
What is -634100 (base 11) in base 2?
-11110111111101111010
Convert -1134417 (base 8) to base 7.
-2426250
Convert 574 (base 9) to base 3.
122111
1030212233 (base 4) to base 16
4c9af
Convert -d929d (base 15) to base 2.
-10101000001111001010
What is 378963 (base 15) in base 13?
72262b
Convert -234431400 (base 5) to base 16.
-10ac75
-1524115 (base 6) to base 12
-4363b
Convert -44361421 (base 8) to base 14.
-13ac3bb
Convert -732101 (base 9) to base 12.
-18b59a
-90732 (base 16) to base 3
-1010001121120
Convert 1200131100 (base 4) to base 2.
1100000011101010000
3330132233 (base 4) to base 15
15663e
Convert 101111101000000000 (base 2) to base 9.
326526
What is -516443 (base 7) in base 14?
-24493
-310120312 (base 5) to base 6
-42515401
What is 874cb (base 15) in base 4?
1220322110
What is -1812446 (base 9) in base 8?
-3670772
What is -1341443400 (base 5) in base 6?
-202202200
What is -612346 (base 10) in base 12?
-25644a
Convert 4232313011 (base 5) to base 16.
87577c
What is 6397564 (base 10) in base 16?
619e7c
-31231422 (base 5) to base 11
-167125
What is 36852 (base 16) in base 10?
223314
Convert -3c359 (base 16) to base 3.
-110112021222
23798 (base 10) to base 8
56366
6836848 (base 9) to base 11
2098206
-6215a (base 11) to base 14
-250a2
Convert -192754 (base 11) to base 15.
-5cc43
Convert -72438 (base 11) to base 6.
-2133122
What is -61401 (base 10) in base 6?
-1152133
What is 1204bb (base 12) in base 2?
1000111000011001111
What is 34102 (base 9) in base 13?
a42a
Convert 1145023 (base 7) to base 4.
203212000
What is -1110101011100100 (base 2) in base 7?
-340212
1020001011201 (base 3) to base 14
12d04b
424411221 (base 5) to base 12
726629
What is 854b2 (base 13) in base 7?
2020365
801713 (base 9) to base 3
220001210110
What is 300241 (base 10) in base 5?
34101431
Convert -221204421 (base 6) to base 14.
-759405
What is -21122102110212 (base 3) in base 6?
-223030252
223a96 (base 11) to base 2
1010111000101010100
Convert -26b90 (base 15) to base 10.
-124110
-61524 (base 11) to base 14
-24a2c
Convert 10404410112 (base 5) to base 13.
2493800
What is 66534225 (base 7) in base 14?
a95b15
-3210445 (base 7) to base 5
-44423231
Convert -457484 (base 12) to base 8.
-4173344
What is 1121310021 (base 4) in base 6?
11515053
Convert -6579a8 (base 12) to base 6.
-54302332
Convert 24998 (base 11) to base 15.
a91c
Convert 1a23887 (base 12) to base 8.
25041447
What is 1020210121211210 (base 3) in base 7?
305453526
What is -1de9c0 (base 15) in base 6?
-51235243
-11112443040 (base 5) to base 16
-baada1
What is 1cc34e (base 16) in base 8?
7141516
What is -23330100121 (base 4) in base 2?
-1011111100010000011001
What is 351376 (base 8) in base 13?
42552
Convert -5374721 (base 9) to base 16.
-2c00c5
What is 7f306 (base 16) in base 14?
d7bdc
What is 5113520 (base 7) in base 14?
11bbb7
Convert 909a (base 15) to base 16.
7738
-55440